3 = -2*s - 3*l, -9 = -s - l. What is the units digit of (-4)/8*(0 - s)?
2
Suppose -1 = -u + 7. What is the units digit of u?
8
Let i = 8 - 6. Suppose -3 = q + 2*w - 5, i*q + 3*w - 5 = 0. What is the units digit of q?
4
Suppose 45 = -3*s + 8*s. Suppose i - s = -1. What is the units digit of i?
8
Let t(k) = k**2 - k + 4. Let r be t(-4). Suppose 4*o - 3*l = -0*o + 14, -4*o + r = 2*l. Suppose -4*z + p = -5, -p + 20 = o*z + 7. What is the units digit of z?
2
Suppose 2*q - q - 3*g = 20, -q - 4*g - 8 = 0. What is the units digit of ((-18)/q)/(1/(-4))?
9
What is the units digit of 2/(-9) + 47/9?
5
Let s = -17 - -21. Suppose -2*x = -2*u - x + 35, -5*u = -s*x - 80. What is the units digit of u?
0
Suppose v + 0*v + 16 = 0. Let z = -10 - v. Let x = z - 5. What is the units digit of x?
1
Suppose 0*l - 92 = -4*l. What is the units digit of l?
3
Suppose -o + 19 = 3*b, -o + 3*o = -2*b + 18. What is the tens digit of 10/b - 44/(-2)?
2
Suppose 12 = 3*h, 5*u - 4*u - 19 = -4*h. Suppose r = j + 8, u*j - 1 + 10 = -2*r. Suppose 0 = -4*w + r*w + 3. What is the units digit of w?
3
Let n = -9 + 15. Let o(q) = -7*q**2 - 9. Let u(v) = -v**2 - v. Let t(i) = -o(i) + 6*u(i). What is the units digit of t(n)?
9
Suppose -5 = 4*h + 5*x + 1, 10 = 4*h - 3*x. Let z be -3*(3/(-3) + 4). What is the units digit of (h - z)*(-1 - -2)?
0
Let a(c) be the second derivative of -c**4/12 - c**3 + 4*c**2 + 3*c. What is the units digit of a(-6)?
8
Suppose -4*h = -3*d - 92, 3*d - 34 = -h + d. Let r = -13 + h. What is the units digit of r?
3
Suppose 0 = -14*k + 16*k - 110. What is the tens digit of k?
5
Suppose 3*f = 4*q - 53 - 17, -3*q + 51 = -3*f. What is the tens digit of q?
1
Suppose -5*k - 28 = -o, -3*o + 5*k = -15 - 19. Suppose -1 = -2*i + 3. Suppose 2*q - 35 = 5*g, -2*q + o*g - i*g = -15. What is the units digit of q?
5
Let n be (-30)/(-25)*5/(-2). Let b be ((-12)/(-10))/(n/15). What is the units digit of 2 + 3*(-4)/b?
4
Let v = -50 + 30. What is the units digit of (-85)/v + 3/4?
5
What is the tens digit of (296/(-12))/(4/(-6))?
3
Let w(l) = l**2 + 3*l + 2. What is the tens digit of w(-5)?
1
Let x(k) be the first derivative of k**4/4 + 17*k**3/3 - 21*k**2/2 - 19*k - 6. What is the tens digit of x(-18)?
3
Let k be (-9)/2*10/(-15). Suppose k*r + 103 = 5*u + 2*r, -r - 82 = -4*u. What is the tens digit of u?
2
Let c(n) = n + 10. What is the units digit of c(-9)?
1
Let x = 5 + -3. Suppose 2*w + x = -0*w. Let k(s) = -11*s**3 + s**2 + 2*s + 1. What is the units digit of k(w)?
1
Let l(r) = 3*r + 125. Let d be l(0). Suppose -5*j = 25, 0 = 5*q - 5*j - 0*j - d. What is the units digit of q?
0
Suppose 34*p - 39*p = -125. What is the tens digit of p?
2
Let p(m) = -m**3 - 3*m**2 + 4*m. Let x be p(-4). Suppose 0 = -x*q - q + 19. What is the units digit of q?
9
Let j(x) = -x + 3. Let b be j(5). Let a be b + 2 - (-2 + -6). Suppose -2*t + 14 = -a. What is the tens digit of t?
1
Let r(b) = -22*b - 1. What is the units digit of r(-1)?
1
Suppose -h + 4 = -0. Let n be 2/(-4)*h/1. Let j = n + 3. What is the units digit of j?
1
Suppose -2*d = -5*w + d + 7, 5 = 5*w - 5*d. Suppose -115 = -3*v - w*v - 2*r, 5*r = -25. What is the tens digit of v?
2
Suppose -b = -f + 4*f - 8, 0 = b + 4. Let r = 8 - f. What is the units digit of r?
4
Suppose z + 10 = 2*r - z, 1 = -z. Suppose 2*w - 2*g = -r*g + 22, -2*w = 3*g - 19. What is the units digit of w?
4
Let w(x) = -x**3 - 6*x**2 - 3*x + 3. What is the units digit of w(-6)?
1
Suppose -2*h = x - 109, -4*x = -3*h + 38 + 142. What is the tens digit of h?
5
Let j = -7 + 1. Let r(f) be the first derivative of f**3/3 + 5*f**2/2 - 5*f + 1. What is the units digit of r(j)?
1
Suppose -2*m + 57 = 5*k, -3*m + k = 5*k - 103. Let h = -21 + m. What is the units digit of h?
0
Let j = 2 + 4. Suppose 0 = 3*x - j*x + 45. Let c = x - 8. What is the units digit of c?
7
Suppose -2*d + 20 = -0*d. What is the tens digit of d?
1
Suppose 708 = 5*n + 33. What is the tens digit of n?
3
Suppose -c - 6 + 5 = 0. Let p(y) = 3*y**2 - y. Let v be p(c). Suppose 0 = 5*h + f - 50, v*h - 55 = 4*f + 9. What is the units digit of h?
1
Let p(n) = -n**3 + 5*n**2 - 5*n + 2. Let z be p(4). What is the units digit of (z + -6)/2 + 44?
0
Let d(v) = v**2 - 9*v - 22. What is the tens digit of d(17)?
1
Suppose 6*g - 138 = 18. What is the tens digit of g?
2
Let f be 2 - (-1 - 0)*9. Let t = -5 + f. What is the units digit of t?
6
Suppose -3*q + 4*c = -23 + 4, -2*q = -5*c - 15. Suppose 0 = -0*g - q*g + 20. Suppose 0 - 12 = -g*l. What is the units digit of l?
3
Let h = 113 + -83. What is the units digit of h?
0
Let l be (0 + 3)*308/21. Let t = 70 - l. What is the tens digit of t?
2
Let v(i) = 73*i + 5. What is the tens digit of v(1)?
7
Let v(d) = d**2 - 5*d + 4. What is the tens digit of v(-6)?
7
Let p be 8/(-36) + (-7)/9. What is the tens digit of (-2)/p - (-50 - 1)?
5
Suppose -2*l + 1 = -3. Suppose 4*r - 22 + 2 = -l*y, r - y = -1. What is the units digit of r?
3
Let j = 20 - 12. What is the units digit of j?
8
Suppose 0 = 27*t - 28*t + 151. What is the tens digit of t?
5
Let q be ((-3)/9)/(1/(-15)). Let p be -2 + q - (3 - 2). Let w = p + 0. What is the units digit of w?
2
Let w(y) = y**3 + 2*y**2 - 6*y - 1. Let o be w(-4). Let a = 15 + o. What is the units digit of a?
6
What is the units digit of 122 + (-5)/(-1 + 6)?
1
Suppose 150 = -5*o + 5*p, -4*p - 33 - 9 = 2*o. What is the units digit of (0 - o/6)*2?
9
Let r = 30 + -50. Let v = -7 - r. What is the units digit of v?
3
What is the hundreds digit of (117*1 - 0) + (2 - 0)?
1
Suppose 0 = 2*b, 2*b = -5*x + 20 - 5. Let u(v) = v**3 - v**2 - 4. What is the tens digit of u(x)?
1
Let f = 1 + -3. Let i(o) = o**2 + 2*o + 1. What is the units digit of i(f)?
1
Let z(f) = f**2 + 7*f + 6. Let m be z(-6). Suppose 0 = 3*p + 3*g, m*p - 3*p = -3*g. What is the units digit of (p + (-2)/(-4))*2?
1
Let i be (14 - 3)/((-2)/(-8)). Suppose -2*h + 6*h - i = 0. What is the tens digit of h?
1
Let q(z) = 4*z + 14. Let m(g) = -5*g - 15. Let h(w) = 2*m(w) + 3*q(w). What is the tens digit of h(10)?
3
Let y(j) = 2*j + 2. Suppose -4*b = -9 - 11. What is the tens digit of y(b)?
1
Let p be 5/4*(-5 - -13). What is the tens digit of (4/p)/(2/50)?
1
Suppose 1 = q - d, -2*q + 6*q + 3*d - 25 = 0. Suppose a + 3*k - 26 = 0, -a = q*k - 2*k - 22. What is the tens digit of a?
1
Let x(p) = p**2 - p + 31. Let v be x(0). Suppose -3*n - 4*t = 2*n + v, -4*n - 5*t - 32 = 0. What is the tens digit of 34/(0/n + 2)?
1
Let z be 1 - 1/(1/(-6)). Let j(y) = -y**3 + 7*y**2 + 8. What is the units digit of j(z)?
8
Let j(g) be the first derivative of -3*g**2/2 - 2*g + 1. Let y be j(-3). Suppose 5*u + y - 22 = 0. What is the units digit of u?
3
Let x = -94 - -192. What is the tens digit of x?
9
Let k(t) = t**2 + 2*t - 3. Let r = -12 + 8. What is the units digit of k(r)?
5
Let q(n) be the first derivative of -3*n**2/2 - n - 1. Let k be q(1). What is the units digit of ((-15)/10)/(3/k)?
2
Let v = 84 + -62. What is the units digit of v?
2
Let v(f) = f**2 - 5*f + 7. Suppose -2*c = 1 - 7. Let q(b) = 3*b - 4. Let u be q(c). What is the units digit of v(u)?
7
Let k = 5 + 0. Suppose -5*h + 53 = -y, k*h = h + y + 42. What is the units digit of h?
1
Let t be (-3)/((-6)/4) + 0. Suppose -5*v = -t*z - 3, 2 = -3*z + 5*v - 0. What is the units digit of z/1 - (-1 + -1)?
3
Let b(y) = -y**2 - 7*y - 5. Let o be b(-5). Let x = 7 + -2. Suppose 3*f = 4*r - 4, -o = -x*r + 4*f - 1. What is the units digit of r?
4
Let j = 115 - 48. What is the units digit of j?
7
Let a = -2 - -2. Suppose -3*p + 75 = -a*p. What is the units digit of p?
5
Let q = 46 - -40. What is the units digit of q?
6
Let r(s) be the first derivative of -s**4/4 + 5*s**3/3 - s**2 + 2. What is the units digit of r(4)?
8
Let p be (25/20)/((-2)/(-16)). Let j = 15 - p. Let u(z) = -z**2 + 7*z - 4. What is the units digit of u(j)?
6
Let p be 8/3*33/2. What is the units digit of (-224)/(-22) + (-8)/p?
0
Let z be (-2)/7 - 2/(-7). Let c = z - -3. Suppose g - 5 = -0*g - u, c*g - 31 = u. What is the units digit of g?
9
Suppose 0*n + 2*n = 5*p - 12, -4*n - 2 = p. Let z be (p + -2 - 2) + -2. Let y(f) = -f + 1. What is the units digit of y(z)?
5
Let q be (-288)/(-28) + 2/(-7). Let l(g) = 1 - 6*g**3 + 5*g**3 + 2*g**3 - q*g + 8*g**2. What is the units digit of l(-9)?
0
Suppose -3*n + 20 = -h, -4*n + 2*h + 